{"id":81,"date":"2023-05-21T15:48:23","date_gmt":"2023-05-21T15:48:23","guid":{"rendered":"https:\/\/uniponto.pt\/?page_id=81"},"modified":"2023-05-21T15:48:23","modified_gmt":"2023-05-21T15:48:23","slug":"servicos-e-pagamentos","status":"publish","type":"page","link":"https:\/\/uniponto.pt\/index.php\/servicos-e-pagamentos\/","title":{"rendered":"Servi\u00e7os e pagamentos"},"content":{"rendered":"\n<p>O servi\u00e7o prestado pela UNIPONTO resume-se na recolha e entrega r\u00e1pida (direta) personalizada.<\/p>\n\n\n\n<p>O servi\u00e7o \u00e9 pago antes da recolha.<\/p>\n","protected":false},"excerpt":{"rendered":"<p>O servi\u00e7o prestado pela UNIPONTO resume-se na recolha e entrega r\u00e1pida (direta) personalizada. O servi\u00e7o \u00e9 pago antes da recolha.<\/p>\n","protected":false},"author":1,"featured_media":0,"parent":0,"menu_order":0,"comment_status":"closed","ping_status":"closed","template":"","meta":{"footnotes":""},"_links":{"self":[{"href":"https:\/\/uniponto.pt\/index.php\/wp-json\/wp\/v2\/pages\/81"}],"collection":[{"href":"https:\/\/uniponto.pt\/index.php\/wp-json\/wp\/v2\/pages"}],"about":[{"href":"https:\/\/uniponto.pt\/index.php\/wp-json\/wp\/v2\/types\/page"}],"author":[{"embeddable":true,"href":"https:\/\/uniponto.pt\/index.php\/wp-json\/wp\/v2\/users\/1"}],"replies":[{"embeddable":true,"href":"https:\/\/uniponto.pt\/index.php\/wp-json\/wp\/v2\/comments?post=81"}],"version-history":[{"count":1,"href":"https:\/\/uniponto.pt\/index.php\/wp-json\/wp\/v2\/pages\/81\/revisions"}],"predecessor-version":[{"id":82,"href":"https:\/\/uniponto.pt\/index.php\/wp-json\/wp\/v2\/pages\/81\/revisions\/82"}],"wp:attachment":[{"href":"https:\/\/uniponto.pt\/index.php\/wp-json\/wp\/v2\/media?parent=81"}],"curies":[{"name":"wp","href":"https:\/\/api.w.org\/{rel}","templated":true}]}}